*t(y). Let f be 484/396 - 3 - ((-4)/(-18) - 0). What is d(f)?
6
Let r(s) be the second derivative of -4*s**3/3 + s**2/2 + 28*s. Suppose 6*l - 7 - 23 = 0. What is r(l)?
-39
Let j be (-32 - 0)*(-2 + 21/14). Let m(f) = 11*f**2 - 9*f - 6*f - 9*f**2 + 9*f**2 - 5 - f**3 + j*f. Calculate m(11).
6
Let o(y) = 3*y - 54. Suppose 3*l - 27 = -3*d - 6, 56 = 4*d - 3*l. Let c(g) = -g + 19. Let u(v) = d*c(v) + 4*o(v). What is u(-5)?
-12
Suppose 16 - 63 = -25*u + 153. Let n(y) be the second derivative of -5*y**3/6 + 37*y**2/2 - y. Determine n(u).
-3
Let u(s) be the first derivative of -5*s**4/2 + 4*s**2 - 9*s - 399. Determine u(1).
-11
Let x be (-6)/4*(-11 - (-385)/33). Let t(d) = 2*d**2 + 15*d + 14. Calculate t(x).
1
Let s(z) = 61*z - 40*z - z**2 - 12*z - 9*z. Let j(n) = 2*n**3 - 2*n + 1. Let c be j(1). Give s(c).
-1
Suppose -7*m - 29120 - 8344 = 0. Let i be (-1)/4 - m/32. Let l(u) = 331*u - 165*u - i*u - 7. Calculate l(-12).
5
Let a(k) = -6*k**2 + k + 2. Let x be 6 + -29 + 12 + 8. Calculate a(x).
-55
Let v(h) = -34*h**2 + 22*h + 15. Let m(z) = -7*z**2 + 4*z - 1. Let i(p) = 5*m(p) - v(p). Calculate i(0).
-20
Let w(g) = g**2 - 5*g - 5. Let h be 4/24*-15*14/(-5). What is w(h)?
9
Let y(b) = -2*b + 32. Let s be ((-14)/(-7))/((-52)/14 + (1 - -3)). Calculate y(s).
18
Let o(s) = 5*s - 2. Let c be ((-1)/2)/(17/238). Let m(p) = -13*p - 98. Let v be m(c). Give o(v).
-37
Suppose 3*m = 2*w - 4, 3*w + w = -4*m + 8. Let a be (0 - 26)/(w + (-56)/14). Let r(z) = z**3 - 14*z**2 + 13*z - 13. What is r(a)?
-13
Let h(t) = 2*t**3 - 13*t**2 + 2*t - 10. Let z(b) = b**3 - 7*b**2 + b - 5. Let c(r) = 4*h(r) - 7*z(r). Give c(3).
-2
Let y(v) = 2*v**3 + 14*v**2 + 16*v - 20. Let f(p) = -p**3 - 7*p**2 - 7*p + 10. Let n(o) = -9*f(o) - 4*y(o). Let j be ((-2)/(-4))/((-1)/14). Give n(j).
-3
Let f = -298/39 - -108/13. Let z(y) be the first derivative of 1/2*y**2 + 10 - 4*y - f*y**3. Calculate z(3).
-19
Let t(w) = -w + 405. Let i(s) = 233. Let b(l) = 5*i(l) - 3*t(l). Determine b(22).
16
Let t(g) = g**2 + g. Let i = -268 - -271. Let x(o) = 4*o**2 + 4*o - 4. Let y(w) = i*t(w) - x(w). Give y(3).
-8
Let p = -37 + 8. Let k = 39 + p. Suppose -4*m = 4*l - 2*l + k, 2*m = 4*l + 20. Let d(n) = n - 9. What is d(m)?
-9
Let l(n) = -n - 14. Let o(w) = w - 7. Let k be o(-9). Let b(i) = -i**2 + 20*i + 7. Let t be b(20). Let x = t + k. Calculate l(x).
-5
Let f be ((-445)/(-712))/((-3)/(-24)). Let m(b) = -b**2 + 3*b + 6. What is m(f)?
-4
Let g(h) = 126*h - 5. Suppose 5*s + 7 = -3*f, -11*s = -14*s - 6. Calculate g(f).
121
Let x(k) = 12*k + 93. Let h(l) = -2*l + 7. Let o(g) = -3*g + 7. Let y(d) = 4*h(d) - 3*o(d). Let u(j) = -2*x(j) + 27*y(j). Let f = 75 - 78. What is u(f)?
-6
Let a(u) = -4*u + 710 + 709 + u**2 - 1423. Suppose 2*t - 12 = -2*w, 4*t - 5*w = -3*w + 18. Suppose 0 = 3*r + t - 26. Give a(r).
17
Suppose 179 = 30*z - 751. Let p(a) = -a**2 + 34*a - 88. Let b be p(z). Let n(j) = -j**2 + 8*j - 1. Calculate n(b).
14
Let o(x) = -11*x - 78. Suppose 195 = -32*s - 61. Determine o(s).
10
Suppose 19 = -9*j + 28. Let b(z) = 4*z**3 - 215*z + 216*z - 7*z**3 + z**2 - j + 6*z**3. Calculate b(2).
29
Let p(h) = -9 + h + 3*h - h. Suppose -13*g - 7 + 0 + 59 = 0. Calculate p(g).
3
Let d be (-672)/(-264) - 18/33. Let y(j) = -2*j**2 - j + 0*j**2 - 3 - 9*j**2 - j + 12*j**d. Let z be (-9)/4 - (-1)/4. Calculate y(z).
5
Let p(o) = 11*o**3 + 2*o**2 - o. Let s be p(1). Let w(l) = -1. Let n(r) = -4 - 2*r - 6 - 12 + 4. Let a(x) = s*w(x) - n(x). What is a(-4)?
-2
Let v(w) be the second derivative of -5*w**3/6 + 3*w. Suppose -1027*j = -1038*j - 11. Determine v(j).
5
Let m(f) = -27*f - 918*f**3 + 3 + 53*f**2 + 1842*f**3 + 2*f**2 - 926*f**3 - 16. Give m(27).
-13
Let k(g) = g**2 - 2*g + 1. Let p be k(2). Let m = -3 + p. Let q(s) = -s**2 + 1. What is q(m)?
-3
Suppose -c + 14 - 6 = 0. Suppose 0 = r - c + 9. Let a(i) = -7*i**2 + 0*i**2 - 12*i**2. Give a(r).
-19
Let k(q) = -2*q**2 + 146*q + 1854. Let z be k(-11). Let f(d) = -2*d**3 + 10*d**2 + 8*d + 18. Give f(z).
-6
Let q(h) be the first derivative of -h**3/3 + 15*h**2/2 + 6*h + 1849. Calculate q(10).
56
Let d be 4*(-2 - 1)/(-3). Let j(z) be the first derivative of z**4/4 - 4*z**3/3 + z**2/2 - 2*z - 1427. Determine j(d).
2
Let f(z) be the first derivative of 1/4*z**4 + 2*z - 150 - 7/3*z**3 + 4*z**2. Calculate f(6).
14
Suppose -12 - 18 = -3*m. Let z(r) = 9*r - r**2 + m*r**2 + 7 - 8*r**2. Let h(f) = -f**3 + 7*f**2 - 16*f + 9. Let w be h(4). Calculate z(w).
-7
Let y be (16/6)/(21/63). Let u be (0 + 3 - 7)*2/y. Let q(n) be the third derivative of 3*n**6/40 - n**5/30 - n**4/24 + 5*n**2. Give q(u).
-10
Let n(y) be the second derivative of -2*y**2 - 38*y - 1/6*y**3 + 0. Suppose 3*h = 5*b + 7 + 4, 3*b + 3 = 3*h. Calculate n(b).
0
Suppose -88 = 4*x - 1715*r + 1725*r, -3*r = -x + 22. Let a(p) = -p**3 + 6*p**2 + 21*p + 7. Determine a(x).
-3
Let y(l) = -l + 3. Let c be y(16). Let m = 20 + c. Let w(a) = 5 + 6*a**2 - 2*a - 4 + a**3 - m + 0*a**3. Calculate w(-6).
6
Let q(t) = t**3 + 8*t**2 + 4*t - 8. Suppose 282 = -429*g + 431*g. Let u = g + -148. Calculate q(u).
13
Let l(p) = 53*p**2 + 60*p - 20. Let u(x) = -17*x**2 - 18*x + 6. Let j(v) = -2*l(v) - 7*u(v). Give j(-2).
38
Let f(d) be the first derivative of -1/24*d**4 + 0*d + 7 - 1/6*d**3 - 3*d**2. Let n(c) be the second derivative of f(c). Calculate n(2).
-3
Let o(n) = n**2 + 2*n - 35. Let w be o(-7). Suppose f = -w*f + 2. Let r(p) = 5*p**2 + p. Give r(f).
22
Let s(r) = 7*r**2 + 3*r + 1. Let h(v) = -54*v + 2269. Let z be h(42). Give s(z).
11
Let t(i) = 7*i. Suppose 3*p - 3*r - 42 = 0, -25 - 23 = -3*p + r. Let g(a) = -20*a + 6*a - 33 + 4*a + 12*a. Let u be g(p). Determine t(u).
7
Let l(q) = 35 - 9*q - 398 - 15. What is l(-41)?
-9
Let l(v) be the third derivative of -v**6/120 + 2*v**5/15 - 3*v**4/8 - 5*v**3/3 - 2*v**2 + 6*v - 2. What is l(6)?
8
Let z(w) = 5*w**2 + 2*w + 7. Let y(b) = -9*b**2 - 3*b - 13. Let m(h) = -h + 24. Let x be m(13). Let i(l) = x*z(l) + 6*y(l). Give i(-6).
11
Suppose -5*x = 2*w - 4, -w + 4 - 2 = -2*x. Let n(c) be the second derivative of -7*c - 7/6*c**3 + 0 + 1/2*c**w. Determine n(1).
-6
Let c = 197 + -191. Suppose -3*b - 10 = -8*b. Let y(v) = -10 - 3*v**b + 2*v**2 + 9 + 6*v. Determine y(c).
-1
Let n(c) = -941*c + 206. Let r(f) = -113*f + 25. Let h(m) = -3*n(m) + 25*r(m). Let k(t) = t**2 - 14. Let o be k(0). Let p = -8 - o. Calculate h(p).
-5
Let v(p) = p**2 - p. Let k be v(0). Suppose k*w = 3*w - 3. Let j(c) = -7*c - c**3 - 1 - 22*c + 29*c + 3*c**2. Give j(w).
1
Let y(h) = -h**3 + 6*h**2 - 6*h + 7. Let b be y(5). Suppose -a - 5*s = -28, -2*a - 4*s + 26 = -0*s. Let m(l) = 2*l**2 + 2 - b*l - 4 - a + 7*l. Calculate m(-5).
20
Let g = -190 + 190. Suppose g = -13*v + 6*v - 56. Let x(m) be the third derivative of -m**6/120 - 3*m**5/20 - 3*m**4/8 - 2*m**3 + m**2. Calculate x(v).
-4
Let j(q) = -2*q**3 - 2*q**2 + 3*q - 17. Let b = -11024 + 11020. Determine j(b).
67
Suppose 3*q + 0*q + 13 = -l, -5*l + q = -15. Let m(o) = 2*o**2 + 3 + 9*o + o**3 + 6*o**l - 19*o + o. Let a(t) = -t - 9. Let h be a(0). Determine m(h).
3
Let t = 40 + -30. Suppose 0 = 5*f - t, 5*p + f - 19 = 13. Suppose -4*i = -5*a - 7, p*a - 4*a - 5*i + 13 = 0. Let b(z) = 20*z. Calculate b(a).
20
Suppose 29610*c - 238 = 29644*c. Let t(g) = 75*g + 529. What is t(c)?
4
Let s(i) = -13*i**3 - 326*i**2 - 27*i - 81. Let p be s(-25). Let h(o) = -o**3 - 30*o**2 + 37*o + 189. Calculate h(p).
3
Suppose 0 = 3*x - o - 508, 2*x - x - 3*o - 156 = 0. Let q = x + -44. Let k = -130 + q. Let w(b) = b**2 + 5*b + 4. Determine w(k).
-2
Let q(c) = c**3 + 1. Let j be (-7)/((2 - 7)/15). Suppose -j*a = -5 + 5. What is q(a)?
1
Suppose -165*a = -158*a - 1148. Let b(g) = -4*g + 332 - 160 - a. Determine b(9).
-28
Let x(f) = -2*f - 4. Let i be x(-6). Let z(p) = -p**2 + 12*p - 1. Let l(m) = -11*m**2 + 135*m - 11. Let c(b) = -2*l(b) + 23*z(b). What is c(i)?
-17
Let b(x) = -47 + 1006*x - 2010*x + x**2 + 980*x. Give b(-2).
5
Let p = 9 - 13. Let s(v) be the first derivative of -v**3/3 + v**2/2 + 4*v - 596. Give s(p).
-16
Let o = 6955 + -6957. Let z be (-2)/8 - (-4)/16. Let v(x) = -2 - 9*x + x + 2*x + z. Determine v(o).
10
Let x(w) = 8*w + 23. Suppose 0 = 107*n - 12*n + 285. Give x(n).
-1
Let k(h) = h**3 - 23*h**2 + 44*h + 6. Let b be k(21). Let v be (126/8)/((-9)/b). Let a = -82 - v. Let o(n) = n**3 - n**2 + n + 2. G